et y(u) be the first derivative of u**2/2 + 6*u - 1. Let f(g) = -g**3 + 28*g**2 + 97*g - 129. Let a be f(31). What is y(a)?
1
Let g be 21/5 - (-2)/(-10). Let o(f) be the first derivative of 3 - g + 0*f**2 + f**2 + 2. What is o(1)?
2
Let k(z) = -2*z**2 + 2. Let i(r) = r**2 - 3*r. Let u be i(3). Let s be 40 - (u/2 - -4). Suppose 2*x + s = 40. What is k(x)?
-6
Let v be 18/(-22) + (-6)/33. Let y(m) = -4*m**3 - 21*m**2 - 26*m**2 + m**3 + 48*m**2. Determine y(v).
4
Let u(d) be the first derivative of -d**3/3 - 9*d**2/2 + 6*d + 80. What is u(-10)?
-4
Suppose 4*z - 3*z + 5 = 0. Let t(p) = 3*p**2 - 3*p + 18. Let k(x) = x**2 - 2*x + 8. Let l(i) = 5*k(i) - 2*t(i). Calculate l(z).
-1
Let v(b) = b + 3. Suppose m - 8 = -o, 0*o + o - 16 = -3*m. Let n be -7 + 10 - (1 - 7). Suppose i - m*i = -n. Give v(i).
6
Let l(q) = 10*q + 2. Let p(g) = -21*g - 5. Let r(k) = -15*l(k) - 6*p(k). Calculate r(1).
-24
Let n(b) = -2*b + 18. Suppose -3 = -u - 2*d, -3*d - 20 = -u - 7. Calculate n(u).
4
Let w(q) = -5*q + 5. Let n(b) = 1 + 2 - 4 + b. Let j(r) = 6*n(r) + 2*w(r). Let m be ((-2 - 0) + 8)*(-66)/(-132). Give j(m).
-8
Let p(g) = -g**3 + 7*g**2 + 4*g - 10. Let c be p(7). Suppose -14 = 8*n + c. Let t(q) = -q**2 - 3*q + 1. Determine t(n).
-3
Let m(f) = -13*f + 7. Let y be m(4). Let x = y + 64. Suppose 3 = 4*a + x. Let j(u) = u - 2. Calculate j(a).
-6
Suppose h + 3 = 3*z, -8*h + 5 = -3*h - 5*z. Let x(a) be the first derivative of 4 + 3/2*a**2 + a + 1/3*a**h. What is x(-3)?
1
Let n(v) = -v + 4. Let w be n(4). Suppose w*o = o - 6. Let f(q) be the first derivative of -q**4/4 + 2*q**3 - q**2/2 + q - 2. Determine f(o).
-5
Let r(j) = 7*j + 219. Let b be r(-30). Let o(w) = -w**2 + 8*w + 3. Calculate o(b).
-6
Let s be (-5)/((-14)/(84/30)). Let o(r) = -6*r**2 - 4*r - 5. Let y(t) = -7*t**2 - 5*t - 6. Let n(h) = 5*o(h) - 4*y(h). Calculate n(s).
-3
Let p be 7/((-14)/(-4))*1*-1. Let s(k) = -5*k - 9. Give s(p).
1
Suppose 0 = -v + 5*o - 23, 5 = -3*v + 2*o - 3*o. Let t be 55 - -6*(-3)/9. Let i(l) = -3*l**2 + 2 - 49*l - t*l + 99*l. What is i(v)?
-16
Suppose -3*a - 2*k = 2*k - 11, -a = 5*k. Let u(p) = 6*p - 2. Let i(w) = -7*w + 2. Let s(l) = a*i(l) + 6*u(l). Calculate s(0).
-2
Let q(z) be the third derivative of z**6/120 - 7*z**5/60 + z**4/24 + 5*z**3/6 + 377*z**2. Give q(6).
-25
Let v(k) = k**2 + 2*k + 1. Let p(d) = -2*d**3 + 2*d**2 - 3*d + 2. Let y be p(1). Give v(y).
0
Let a(y) = y**3 + 40*y**2 - 131*y - 96. Let r be a(-43). Let j(h) = -h**3 - 10*h**2 - 5*h + 1. Give j(r).
51
Let h(l) = l**2 - l - 12. Let u be (40/16 + -1)*20/6. Determine h(u).
8
Let i(h) = -15*h**2 + 5*h + 3. Let b(o) = -5*o**2 + 2*o + 1. Let l(t) = -8*b(t) + 3*i(t). Suppose -n = -2*n + 3. Suppose -5*z + n = -2*z. Give l(z).
-5
Let x(r) = -2*r**2 + 2. Let i be x(1). Let g be (i + -23 + 3)*(-2)/8. Let h(w) = -7*w. Let d(y) = y. Let p(z) = 6*d(z) + h(z). Calculate p(g).
-5
Let b(x) = -x**3 + 14*x**2 + x - 10. Suppose -5*f + 66 = 4*m, 5 = 4*f + 3*m - 48. Determine b(f).
4
Let h(i) be the first derivative of 2*i**3/3 - i**2/2 - i - 2. Let l = -246 + 248. Determine h(l).
5
Let l(z) = -z**2 - 4*z + 1. Let c be l(-3). Let m = 6 - c. Let q(x) = 5*x**2 + m - 7*x**2 + x + x**2. Calculate q(-3).
-10
Let i be (-2)/(-4)*4*1. Let z(x) be the first derivative of 1 + 0*x + 1/2*x**2. What is z(i)?
2
Let t = -20 + 20. Suppose 5*p - 31 - 134 = 0. Suppose -d + 4*o = 2*d + 1, 5*d + 2*o - p = t. Let m(v) = v**2 - 3*v - 2. Give m(d).
8
Let u(y) = -y + 25. Let o(p) = 2*p - 30. Let g(b) = 4*o(b) + 5*u(b). Suppose -16 = -5*w + 19. Calculate g(w).
26
Let f(r) be the second derivative of -r**7/2520 + r**6/144 - r**5/60 - 7*r**4/2 - 5*r. Let z(g) be the third derivative of f(g). Calculate z(6).
-8
Let f(h) = 5*h + 25. Let j(s) = -s - 5. Let t(k) = -2*f(k) - 11*j(k). Suppose 5*w = 9*w - 2*d + 24, 5*w = d - 33. Calculate t(w).
-2
Suppose 0 = -0*b - 2*b - 6. Let x(y) = -4*y. Let f(i) = -5*i - 1. Let o(m) = 3*f(m) - 4*x(m). What is o(b)?
-6
Let w(p) = -2*p**3 + p - 3. Let u(s) = -11*s**3 + 6*s**2 + 13*s - 6. Let n(r) = -u(r) + 6*w(r). Calculate n(-5).
-2
Let j(l) be the first derivative of l**5/60 - 5*l**4/24 - 9*l**3 + 43. Let n(r) be the third derivative of j(r). What is n(6)?
7
Let h(x) = -2*x**2 + 7*x + 7. Let y(d) = -3*d**2 + 7*d + 7. Let o be (0 + -3)/(-1 - -1 - -1). Let c(g) = o*y(g) + 4*h(g). Calculate c(-6).
1
Let a(z) = -9 - 2*z + 5*z**2 + 3 + 0*z**2 - 2*z + z**3. Suppose -5*k - 31 + 101 = 0. Suppose -4*t - 6 - k = 0. Give a(t).
14
Let s(i) = -i**3 - 3*i**2 - 3*i - 2. Let v(o) = o + 13. Suppose -n + 36 = -4*b, 0*n - 32 = 2*b - 4*n. Let y be v(b). Suppose -4*g - y - 7 = 0. Give s(g).
7
Let i(f) = 2*f - 5. Let r = -141 + 136. Determine i(r).
-15
Suppose -5*l + 4*x + 26 = -10, -2*x - 28 = -5*l. Suppose -13 = m - 3*q + 3, 3*m - l*q + 28 = 0. Let g(n) = 4*n**3 - 5*n**2 - 5*n**3 + n**2. Give g(m).
0
Let i(h) be the second derivative of h**6/720 - h**5/60 - 7*h**4/6 - 17*h. Let a(q) be the third derivative of i(q). Calculate a(4).
2
Let r(p) = 4*p + 15. Let s be r(-7). Let l = s - -14. Let h(y) = -14*y**2. Give h(l).
-14
Let k(h) = h. Suppose -c - 4 = 0, 0 = -5*f + c - 1297 + 476. Let b = f + 165. Calculate k(b).
0
Let h = 3 - 7. Let y = 92 + -87. Let w(q) = -3*q - y*q**2 + 8*q**2 - 38*q**3 + 24*q**3 + 5 + 15*q**3. Give w(h).
1
Let m = -22 + 15. Let c(d) be the first derivative of d**4/4 + 8*d**3/3 + 2*d**2 - 9*d + 388. What is c(m)?
12
Let t(v) = v**3 - 6*v**2 + 9*v + 4. Let z = -452 - -455. Calculate t(z).
4
Let n be ((-1)/(-2))/((-25)/50). Let q(r) be the second derivative of -r**3 + r**2/2 + r. Calculate q(n).
7
Let s(w) be the first derivative of w**3/3 + 3*w**2/2 - 3*w - 2. Suppose -r = -5*b - 13, -2*b - 15*r - 2 = -17*r. Determine s(b).
-3
Suppose 0 = -21*y + 72 + 33. Let c(h) = -5*h + 1. Let n(g) = 6*g - 1. Let r(b) = -5*c(b) - 4*n(b). Give r(y).
4
Let k(c) be the third derivative of 0*c + 0 - 28*c**2 + 1/3*c**3 + 1/8*c**4. What is k(3)?
11
Let q(s) = 6*s - 2. Let d be (4 + -2)*(-1)/(-2) - 12. Let l = -9 - d. Give q(l).
10
Let z(g) = -5*g + 3. Let d(n) = 3*n + 2. Let l(s) = -2*s - 2. Let x(p) = -5*d(p) - 6*l(p). Let j(k) = 8*x(k) - 5*z(k). Determine j(-4).
-3
Let a be (6/(-3))/(4/(-22)). Let i(j) = -5*j**2 - 6*j**2 + a*j + j**2 - 18*j**3 - 13 + 19*j**3. What is i(9)?
5
Let c(p) = -p - 11. Let y(i) = 3*i**2 - 40*i + 15. Let k be y(13). Suppose k*v = 5*v - 30. What is c(v)?
-21
Let i be 300/24*(18/15 - 2). Let m be (1 - 0)*(i + 13). Let d(j) = -j**3 + j**2 + 5*j - 4. Determine d(m).
-7
Let c(w) = w**2 + 13*w + 66. Let r(j) = -9*j - 44. Let l(o) = 2*c(o) + 3*r(o). Let b be ((-6)/(-4))/((-3)/(-4)). Give l(b).
6
Let t(y) be the first derivative of y**3/3 - 3*y**2 - 2*y + 212. Calculate t(6).
-2
Suppose 5 = -53*d + 48*d. Let o be d + (-32)/(-5) + (-6)/15. Let r(p) = -p**3 + 6*p**2 - 4*p - 3. What is r(o)?
2
Let z(n) be the third derivative of n**5/60 - 7*n**4/24 - 23*n**3/6 + 29*n**2 - 2. Determine z(9).
-5
Let a(r) = -3*r - 18. Let z be (-710)/80 - 4/32. Determine a(z).
9
Let d be (-18)/(-4) + (-1)/2. Let y(k) be the third derivative of 0 + 83*k**2 + 1/8*k**4 + 0*k - 1/60*k**5 + 5/6*k**3. Determine y(d).
1
Let r = -1 - -8. Let b(f) = -8*f**2 + 2*f - 3. Let h(z) = 2*z - z**2 - 2*z**2 - 11*z**2 + 7*z**2 - 2. Let l(t) = r*h(t) - 6*b(t). Determine l(4).
-4
Let m be (-6)/(-4)*(0 + 28/6). Let l be (m - -1)/4 + 0. Let o(q) = 7*q. Give o(l).
14
Suppose -31*a + 68 = -118. Let u(s) = -2 - 4*s**2 + 5*s + 3*s**2 - s. Determine u(a).
-14
Let i(w) = 3 - 7*w - 20*w + 19*w - 3*w - 9*w. Calculate i(-4).
83
Let x(c) = -7*c + 3. Let v = 49 - 47. Let f(y) = -8*y + 4. Let a(k) = v*f(k) - 3*x(k). What is a(1)?
4
Let a(s) = 15*s + 11*s - 8 + 12*s - 39*s. What is a(-9)?
1
Let g be (5/3)/(45/108). Let h(r) = r**2 - 3*r - 1. Determine h(g).
3
Let n = 14 + -14. Let u(v) be the second derivative of n + 1/2*v**2 + 0*v**4 - 1/6*v**3 + 1/5*v**5 - 9*v. Give u(1).
4
Let y(r) = r**2 - 2*r - 5. Let k(n) = -1 - n + 3*n - 7*n**2 + 9*n**2. Let b be k(1). Suppose -3*d - 12 = 0, 5*z + 3*d - b = 5. Determine y(z).
3
Let v(g) = 0*g - 5*g + 1 - 6 + 7*g - 5*g. Give v(-1).
-2
Let f(y) be the second derivative of -y**3/3 - 25*y**2/2 - 233*y. Determine f(-8).
-9
Suppose -6 + 0 = -o. Suppose -d = -o*d. Let n(b) be the first derivative of -b**3/3 - b**2/2 + 2*b + 7. What is n(d)?
2
Let d(c) = 